{"id":14291,"date":"2021-08-20T10:56:36","date_gmt":"2021-08-20T08:56:36","guid":{"rendered":"https:\/\/wibutec.de\/?post_type=docs&#038;p=14291"},"modified":"2026-03-12T14:17:52","modified_gmt":"2026-03-12T13:17:52","password":"","slug":"kann-ich-in-meinem-fahrzeug-eine-rueckfahrkamera-nachruesten","status":"publish","type":"docs","link":"https:\/\/wibutec.de\/en\/wissensdatenbank\/kann-ich-in-meinem-fahrzeug-eine-rueckfahrkamera-nachruesten\/","title":{"rendered":"Can I retrofit a rear-view camera in my vehicle?"},"content":{"rendered":"<p>In general, this question can be answered with a \u201cyes.\u201d Ideally, the camera image should be displayed on the existing screen of the installed radio or navigation system. However, it must always be checked more closely whether the existing radio or navigation system allows and supports such integration.<\/p>\n\n\n\n<p><\/p>\n\n\n\n<p>The camera image can be displayed either on the existing vehicle display or on a separate monitor.<\/p>\n\n\n\n<p>Suitable systems can be found here:<\/p>\n\n\n\n<p><a href=\"https:\/\/wibutec-shop.com\/Assistance-and-reversing-systems_115\">Rear-view camera retrofit in the shop<\/a><\/p>\n\n\n\n<p><\/p>\n\n\n\n<p><\/p>\n\n\n\n<p><strong>These original systems support the display of a rear-view camera depending on the system and model year, either via a direct connection or an additional camera interface.<\/strong><\/p>\n\n\n\n<p class=\" translation-block\">all VW \/ Audi \/ Seat \/ Skoda and Cupra models as well as MAN TGE vehicles equipped with MIB, MIB2 or MIB3, and with a navigation system or navigation preparation installed.<\/p>\n\n\n\n<p class=\" translation-block\">all Audi models equipped with RMC, RMC2, MMI 2G, MMI 3G and MMI 3G+ <strong>AND<\/strong> a color display<\/p>\n\n\n\n<p>all VW models equipped with MFD1, MFD2, MFD3, RNS315 and RNS510 <\/p>\n\n\n\n<p class=\" translation-block\">all VW models equipped with RNS310 or RCD510 <strong>AND<\/strong> an existing camera input \u2013 these devices can be identified by the 26-pin connector on the rear side<\/p>\n\n\n\n<p>all Seat models equipped with Trinax from version B and software version 1100<\/p>\n\n\n\n<p class=\" translation-block\">all Skoda models equipped with Amundsen or Bolero <strong>AND<\/strong> an existing camera input \u2013 these devices can be identified by the 26-pin connector on the rear side<\/p>\n\n\n\n<p>all Skoda models equipped with Columbus from version B and software version 1100<\/p>\n\n\n\n<p><\/p>\n\n\n\n<p>With our retrofit kits, you will always find information about compatibility. If you are unsure whether the desired kit can be retrofitted, please contact us with your vehicle identification number at [technik@wibutec.de](mailto:technik@wibutec.de) \u2013 we will check the possibility of a retrofit and get back to you shortly.<\/p>\n\n\n\n<p><br><\/p>\n\n\n\n<p><\/p>","protected":false},"excerpt":{"rendered":"<p>Grunds\u00e4tzlich l\u00e4sst sich diese Frage mit einem &#8220;ja&#8221; beantworten. Nat\u00fcrlich liegt der Wunsch nahe das Bild der Kamera bestenfalls am vorhandenen Display des verbauten Radios oder Navigationssystem dargestellt werden &#8211; hier muss dann immer genauer gepr\u00fcft werden ob das vorhandene Radio oder Navigationssystem eine Integration zul\u00e4sst und unterst\u00fctzt. Das Kamerabild kann entweder \u00fcber das vorhandene [&hellip;]<\/p>","protected":false},"author":1,"featured_media":0,"comment_status":"open","ping_status":"closed","template":"","meta":{"inline_featured_image":false,"footnotes":""},"doc_category":[8],"doc_tag":[],"class_list":["post-14291","docs","type-docs","status-publish","hentry","doc_category-rueckfahrkamera-und-parksensoren"],"year_month":"2026-04","word_count":268,"total_views":"284","reactions":{"happy":"0","normal":"0","sad":"0"},"author_info":{"name":"wibutec","author_nicename":"wibutec","author_url":"https:\/\/wibutec.de\/en\/author\/wibutec\/"},"doc_category_info":[{"term_name":"R\u00fcckfahrkamera und Parksensoren","term_url":"https:\/\/wibutec.de\/en\/wissensdatenbank-category\/rueckfahrkamera-und-parksensoren\/"}],"doc_tag_info":[],"knowledge_base_info":[],"knowledge_base_slug":[],"_links":{"self":[{"href":"https:\/\/wibutec.de\/en\/wp-json\/wp\/v2\/docs\/14291","targetHints":{"allow":["GET"]}}],"collection":[{"href":"https:\/\/wibutec.de\/en\/wp-json\/wp\/v2\/docs"}],"about":[{"href":"https:\/\/wibutec.de\/en\/wp-json\/wp\/v2\/types\/docs"}],"author":[{"embeddable":true,"href":"https:\/\/wibutec.de\/en\/wp-json\/wp\/v2\/users\/1"}],"replies":[{"embeddable":true,"href":"https:\/\/wibutec.de\/en\/wp-json\/wp\/v2\/comments?post=14291"}],"version-history":[{"count":4,"href":"https:\/\/wibutec.de\/en\/wp-json\/wp\/v2\/docs\/14291\/revisions"}],"predecessor-version":[{"id":14306,"href":"https:\/\/wibutec.de\/en\/wp-json\/wp\/v2\/docs\/14291\/revisions\/14306"}],"wp:attachment":[{"href":"https:\/\/wibutec.de\/en\/wp-json\/wp\/v2\/media?parent=14291"}],"wp:term":[{"taxonomy":"doc_category","embeddable":true,"href":"https:\/\/wibutec.de\/en\/wp-json\/wp\/v2\/doc_category?post=14291"},{"taxonomy":"doc_tag","embeddable":true,"href":"https:\/\/wibutec.de\/en\/wp-json\/wp\/v2\/doc_tag?post=14291"}],"curies":[{"name":"wp","href":"https:\/\/api.w.org\/{rel}","templated":true}]}}

<p>Grundsätzlich lässt sich diese Frage mit einem &#8220;ja&#8221; beantworten. Natürlich liegt der Wunsch nahe das Bild der Kamera bestenfalls am vorhandenen Display des verbauten Radios oder Navigationssystem dargestellt werden &#8211; hier muss dann immer genauer geprüft werden ob das vorhandene Radio oder Navigationssystem eine Integration zulässt und unterstützt. Das Kamerabild kann entweder über das vorhandene [&hellip;]</p>

Rückfahrkamera und Parksensoren
